1
Let i be ((-35)/14)/(2/(-4)). Suppose i*h - 25 = -5*w, 8 = 3*h - 2*w - 12. Let o(q) = -3*q + 4*q**2 + 0*q**3 + 0*q + q**3 + h. Give o(-5).
-4
Let q be (-10)/7 + -5*9/(-105). Let o(b) = 11*b**2 - b - 1. Determine o(q).
11
Suppose 15 = 29*a - 26*a. Let w = 10 - 7. Suppose w*j - 3 = -0*j, -j + 11 = a*u. Let s(i) = -2*i**2 + 3*i - 3. Give s(u).
-5
Suppose -2*c - 28 = -2*m, -4*m - 2*c + 45 + 17 = 0. Let i be 3/(m/10) + -1 + 1. Let g(z) = 2*z**3 - 4*z**2 + 2*z + 2. Determine g(i).
6
Let a(f) = f**3 + 19*f**2 + 18*f - 7. Let p be a(-18). Let v = 2 + p. Let s(b) = 6*b**2 - 4 + 2*b**3 - b**3 + 3*b + 0*b**3. Determine s(v).
6
Let z(r) be the third derivative of r**5/60 - 5*r**4/12 - r**3/6 - 26*r**2. What is z(7)?
-22
Let j(r) = -r**2 + 2*r + 1. Suppose 1 = d + w, -d = 3*w - 4*w - 1. Let o be (4/2 - 0)/d. Determine j(o).
1
Let n(m) be the second derivative of m**3/3 - 8*m**2 + 2*m. Let f be n(10). Suppose 5*u - f = u. Let y(c) = -4*c + 1. Determine y(u).
-3
Let a = -15 - -18. Suppose -12 = 5*j - a*j. Let u(q) = q + 1. Give u(j).
-5
Let b = -224 + 217. Let c(o) = o**2 + 9*o + 8. Determine c(b).
-6
Let x(l) = -2*l - 3. Let i(q) = -q - 1. Suppose -5*y + 15 = -0*y. Let s(d) = y*i(d) - x(d). Let t = -3 - -2. Give s(t).
1
Let w(j) = 16*j + 7. Let i(h) = 63*h + 27. Let k(v) = 4*i(v) - 15*w(v). Determine k(-2).
-21
Let l(a) = -9*a**2 + 32*a - 27. Let s(f) = -11*f**2 + 35*f - 26. Let z(b) = 5*l(b) - 4*s(b). Give z(18).
5
Let i(w) = -4*w + 0 + 1 - 2 + 2*w + 2*w**2. Let t(s) = s**2 + 11*s - 9. Let n be t(-12). Give i(n).
11
Suppose 0 = 5*y - 5*r - 30, 0 - 9 = -4*y - r. Let c be ((-4)/((-8)/(-3)))/((-2)/4). Let i(v) = v + 2 + c - 1 - 1. Determine i(y).
6
Suppose 29*v - 673 = -528. Let k(p) = 2*p + 4. What is k(v)?
14
Suppose -5*p - d + 11 = 0, 0*p + 3*d = 3*p - 3. Let v(h) be the second derivative of -3*h**p + 0 + 1/6*h**3 + 1/2*h**4 + 6*h - 1/20*h**5. What is v(6)?
0
Let v be (-1 - -1) + (-1 - -6). Suppose -v*j - 47 = -57. Let u(y) = -2*y**2 + 3*y - 2. Determine u(j).
-4
Let a(s) = -13*s**2 - s + 2. Let t(i) = -64*i**2 - 5*i + 11. Let y(j) = 11*a(j) - 2*t(j). Suppose -3*k - 7 = q - 5*k, 4*k = -3*q + 9. Calculate y(q).
-14
Let q(a) be the first derivative of a**3/3 + a**2 - 48*a - 35. Calculate q(-8).
0
Let u(p) be the first derivative of -p**2/2 - 3*p + 24. Give u(14).
-17
Suppose 4*d - 60 = 4*n, 0*d = 4*d + 5*n - 15. Let s be 6/d - (-410)/25. Let l = s + -19. Let b(x) = x + 4. Determine b(l).
2
Let v(j) = j**3 - 3*j + 2. Let l = 3 + 12. Suppose 9*d = 4*d + l. Let r be 2 + 0/(d + -7). Determine v(r).
4
Suppose 0 = n - v - 4*v - 15, 3*n + 3*v + 9 = 0. Let f(b) be the first derivative of 3*b + 3 + 0*b**3 - 1/2*b**2 + 1/4*b**4. What is f(n)?
3
Let p(j) be the second derivative of j**5/10 + j**4/4 - j**2 + 19*j. Let c = 24 + -26. Give p(c).
-6
Let i(d) be the first derivative of 0*d**2 + 3 - 4*d + 1/6*d**3. Let c(g) be the first derivative of i(g). What is c(0)?
0
Let f(b) = -3*b - 15. Let w(a) = 5*a + 26. Let i(l) = 7*f(l) + 4*w(l). Let o(s) = -3*s + 1. Let m be o(1). Calculate i(m).
1
Suppose 2*h + 3*l = 7, -5*l + 1 + 8 = 4*h. Let u be (-18)/h - 1/2. Let n be u/(-16)*0 + 5. Let w(c) = -c**3 + 4*c**2 + 3*c + 3. Give w(n).
-7
Let k(j) = -9*j**2 + 13*j + 18. Suppose 3*w = -0*w - 33. Let c(q) = 5*q**2 - 7*q - 9. Let d(y) = w*c(y) - 6*k(y). Let m = 0 - 0. Give d(m).
-9
Let n(b) = b**3 + 25*b**2 + 21*b + 40. Let v(k) = -k**3 - 27*k**2 - 22*k - 42. Let s(j) = 6*n(j) + 5*v(j). Determine s(-14).
2
Let s(j) = -j**3 + 5*j**2 - 5*j - 2. Let c(t) = -2*t - 4. Let v be c(-3). Let i be (-6)/7*(10 - 31). Suppose 3*d - i = -v*d - 2*z, 0 = -3*d - z + 11. Give s(d).
-6
Let q(p) = 7*p**2 + 8*p + 1. Let d = -10 + -1. Let u(x) = 13*x**2 + 16*x + 3. Let g(f) = d*q(f) + 6*u(f). What is g(-5)?
-8
Let n(f) = -2*f + 5. Let i be 1*-6 - (-26 + 26). Give n(i).
17
Let k(j) be the first derivative of -2*j**3/3 - 9*j**2/2 + 5*j + 208. Give k(-7).
-30
Let b be -1*1 - 120/(-20). Suppose b*a - 11 = -1. Let w(z) = -z + 2*z**a + z**2 - 25*z**3 + 24*z**3 + 1. Give w(2).
3
Let h be 60/36 + 4/(-6). Let c be h - (-8 + 4 - -2). Let o(z) = -z**3 + z**2 + z + 4. Give o(c).
-11
Let s(o) = -5*o - 13*o + 27*o - 4*o + 26. Determine s(-9).
-19
Let q = -744 + 743. Let f(r) be the first derivative of -r**6/60 + r**5/60 + r**4/24 + r**3/6 + r**2 + 2. Let c(n) be the second derivative of f(n). Give c(q).
3
Let n(m) = -m**2 - m. Let d be 2/((-6)/9) - (-11 - -7). Let u(q) = -3*q**2 - 2*q + 1. Let t(f) = d*u(f) - 4*n(f). Calculate t(4).
25
Let z(k) = k**3 + 10*k**2 + 5*k + 15. Let l(j) = 10*j - 440. Let u be l(43). Calculate z(u).
-35
Suppose -4*f + 35 = -5*i + 46, -5*f + 3*i - 17 = 0. Let z(o) = o**3 + 7*o**2 + 5*o + 1. What is z(f)?
29
Let b(x) be the third derivative of -x**4/24 - 8*x**2. Let v(n) = -6*n + 6. Let z(r) = 5*b(r) - v(r). Calculate z(-7).
-13
Let z(a) be the third derivative of a**4/24 - a**3/2 + a**2. Suppose 26*s + 12 = 29*s. Determine z(s).
1
Let f = 15 - 15. Let j be (f - 12)*5/(-15). Let w(n) = n - 4. Give w(j).
0
Let t(k) = -30*k**3 + 20*k**2 - 17*k - 6. Let y(q) = -11*q**3 + 7*q**2 - 6*q - 2. Let h(l) = -4*t(l) + 11*y(l). Give h(-4).
10
Let n(f) = -f - 8. Let g = 37 + -33. Suppose d + 11 = 2*c, c + 16 = 5*c + g*d. Let w be (c - 0)/(-3 + 2). Calculate n(w).
-3
Let p(i) = -i**3 + 6*i**2 - 7. Let f(m) = m**3 + 6*m**2 - 8*m - 12. Let j be f(-8). Let d = 53 + j. Let g = -17 - d. What is p(g)?
-7
Let m(o) = -6*o - 5. Let p = 293 + -288. Give m(p).
-35
Let t = 57 + -58. Let n(a) be the first derivative of 0*a**2 + 1/3*a**3 + 0*a + 2. What is n(t)?
1
Suppose 0 = -2*v + 3*v + 4. Let o = -8 - v. Let a(n) be the first derivative of -n**4/4 - 4*n**3/3 - n**2 - 3*n - 108. Determine a(o).
5
Let r be 138/3 + 2*(0 - -1). Let k be 224/r*6/(-4). Let l(f) = 2*f + 10. Calculate l(k).
-4
Let s(u) = u**2 - 4*u - 10. Let o be (1*(-9)/12)/(1/(-8)). Give s(o).
2
Suppose -m = 4*m + x - 3, -4*m = x - 3. Let y(j) = -5 + j - j**3 + 107832*j**2 - 107832*j**2. Calculate y(m).
-5
Let g(p) = 0*p**2 - 6 - 6*p + 12 - p**3 + 2*p**3 + 3*p**2 - 9. Let o(m) = 2*m + 8. Let f be o(-6). Determine g(f).
5
Let j(a) = 0*a - 9 - 7*a + 6*a + 2*a. Let k = 19 - 14. Give j(k).
-4
Let g(u) = u**2 - 10*u + 11. Suppose -t = -8*t - 497. Let m = 79 + t. What is g(m)?
-5
Let j be (-1521)/(-54) - (-2)/(-12). Let c = j + -27. Let t(b) = -13*b**3 + b**2 - 2*b + 1. Give t(c).
-13
Let s(b) = -b**3 + 13*b**2 + 6. Let u(l) = -l**2 - 58*l - 603. Let z be u(-14). Calculate s(z).
6
Let v(h) = -3*h**2 - 5*h - 6. Suppose 2*z - 3*w = 4*z - 4, 2*z = w - 12. What is v(z)?
-34
Let h(a) = a + 7. Let t be h(-3). Let o(j) be the third derivative of -5/3*j**3 + 1/24*j**t + 0 + 0*j + j**2. Calculate o(5).
-5
Let x(y) = 4*y. Let l = 91 + -137. Let s be 2*l/4 + -1. Let h be s/(-56) - 8/(-14). Give x(h).
4
Let t(g) = g**3 - 2*g**2 - 5*g + 7. Let h be ((-24)/28)/((-52)/182). Determine t(h).
1
Let l(w) = w**3 - 8*w**2 - 9*w - 4. Suppose 26*i - 135 = 11*i. What is l(i)?
-4
Suppose 2*d = -3 + 7. Let s(f) be the first derivative of -f**3/3 + 5*f**2/2 - f + 417. Determine s(d).
5
Let x = 211 - 196. Let y(r) = r**2 - 13*r - 26. Determine y(x).
4
Let p(i) be the third derivative of i**5/60 + 3*i**4/8 + i**3/6 - 12*i**2. Let t be p(-9). Let r(s) = -s + 2. Determine r(t).
1
Let q(s) = -s**3 - 2*s**2 + 6*s + 3. Let p(y) = -y**2 + 9*y - 12. Let d be p(8). Let j be d + 0/((-4)/(-2)). Give q(j).
11
Let w(j) be the second derivative of j**4/12 - 4*j**3/3 + 3*j**2 - 184*j + 2. Let l = 15 + -9. Give w(l).
-6
Let n(s) be the first derivative of -28 + 6*s + 1/4*s**4 + 2*s**2 - 7/3*s**3. What is n(6)?
-6
Let k(y) = 17*y - 17. Let d(m) = -4*m + 4. Let j(i) = 9*d(i) + 2*k(i). Suppose 0*x + 5*x = 5. Let s be (-3 - -5)/(x/(-2)). What is j(s)?
10
Let y(g) = 9*g - 5. Let j be y(0). Let b be (-69)/(-15) + -5 - 2/j. Let v(r) = r**3 + 10. What is v(b)?
10
Let a(t) = t - 2 + 5 + t**2 - 1. Let h(x) = -16*x**2 - 7*x - 7. Let k be h(-2). Let j = k + 57. Determine a(j).
2
Suppose 2*x - 7*x + 110 = 0. Suppose -l + g = 2, -2*g = 4*l - x - 0. Let a(m) be the second derivative of m**5/20 - m**4/4 + 3*m**2/2 - 22*m. Determine a(l).
3
Let u = 791 + -784. Let p(r) = -r**2 + 8*r + 1. Give p(u).
8
Let w(y) = 3*y - 6. Let h(j) = -j + 1. Let u(t) = 6*h(t) + w(t). Suppose 5*l + 53 - 13 = 0. Let z(r) = -r - 9. Let f b